 + 4 + t. Suppose r = -5*m - 3, 127 = 2*v + m. List the prime factors of v.
2
Let f = -73 + 93. Suppose f*t + 670 = 25*t. What are the prime factors of t?
2, 67
Suppose -4 = d - 18. Suppose 31 = 3*y - d. What are the prime factors of y?
3, 5
Let c be 1/2 + 35/10. Suppose -3*l = -0*l. Suppose -5*p - c*v + 13 = 0, 0 = 3*v - l + 9. List the prime factors of p.
5
Let m be (-3)/2*13/((-13)/82). Let i = 316 - m. What are the prime factors of i?
193
What are the prime factors of -3 - (-15)/(75/6680)?
31, 43
Suppose 161*k - 42 = 159*k. What are the prime factors of k?
3, 7
Let y be ((-18)/(-4))/(-9)*-2. Let x = y - -5. What are the prime factors of x?
2, 3
Let a = -17 - -14. Let s be 3/2 + a/2. Suppose k + s*y - 51 = y, 5*y = 0. List the prime factors of k.
3, 17
Let i(s) = -s - 11. Let y be i(-10). Let a = 14 - y. What are the prime factors of a?
3, 5
Suppose -r + 10 - 6 = 0. Let o(k) = 2*k**2 - 6*k - 3. List the prime factors of o(r).
5
Let g(v) = 3*v + 43. List the prime factors of g(2).
7
Let d(n) = 7*n**2 + n - 10. Let a be d(5). List the prime factors of -2 + a + -4 + 7.
3, 19
Suppose 0 = a - 30 - 53. Suppose 273 - a = 19*j. List the prime factors of j.
2, 5
Suppose l = 2*n - 0*l + 14, 3*l - 32 = 4*n. Let d be 69 + -4 + 7 + n. Let g = d + -5. What are the prime factors of g?
2, 31
Let k be -3 + (6/7)/((-7)/(-49)). Let h = 12 - 8. Suppose h*c - 42 = -k*c. List the prime factors of c.
2, 3
Suppose 0 = 5*h - 2*c + 24, 2*h = -c + 2*c - 10. Let r be h*(-5 - (-3)/(-1)). Let q = -21 + r. List the prime factors of q.
11
Suppose c - h - 1 = 0, -27 + 2 = -c - 5*h. List the prime factors of (-1 + (-27)/c)/((-1)/20).
2
Let k = -2 - 0. List the prime factors of (-3)/((-18)/546) - (-4)/k.
89
Let a(i) be the first derivative of i**3/3 - 3*i**2/2 - 4. Let k be a(3). Suppose k = -4*l + 177 - 33. What are the prime factors of l?
2, 3
Suppose 8*w - 40*w = -12832. List the prime factors of w.
401
Suppose -15*o + 12*o + 1188 = 0. What are the prime factors of o?
2, 3, 11
Suppose -5*q + 377 = -253. Let o = q + -53. List the prime factors of o.
73
Let q(i) = -21*i + 21. Let k be q(7). What are the prime factors of (k/4 + 5)*-4?
2, 53
Let d be (2/4)/(1/108). Let l = 175 - 196. Let k = d + l. List the prime factors of k.
3, 11
Let r(a) = -a**2 + 5*a + 45. Let p be r(8). Let f be (-3*4/6)/(-1). Suppose -f*v + p = -21. What are the prime factors of v?
3, 7
Let d be (-1)/(-2) - (-12)/8. Suppose 11*m - d*m - 1755 = 0. List the prime factors of m.
3, 5, 13
Suppose 7*r - 10 = 2*r, 0 = -2*t + 5*r - 282. Let i = -112 - t. What are the prime factors of i?
2, 3
Let f be (-2)/(-10) - 36/5. Let q(k) = 11*k**2 + k**3 + 0*k**2 + 3 - 4*k**2 - k. What are the prime factors of q(f)?
2, 5
Let l = -318 - -494. List the prime factors of l.
2, 11
Let g = -3 + 5. Suppose -g*y + 453 = y. Suppose -5*t + y - 36 = 0. What are the prime factors of t?
23
Let v = 19 - 23. Let x(c) = c**3 + c**2 + 4*c + 6. Let m be x(v). Let z = m - -101. What are the prime factors of z?
43
List the prime factors of 1/(2 - (-1690)/(-850)).
5, 17
Suppose -4*b = -6*b + 8. Suppose 5*w = 3*s - 247, -5*s + 248 = -2*s - b*w. List the prime factors of s.
2, 3, 7
Suppose -51*p + 80 = -22. List the prime factors of p.
2
Let u = -32 + 130. What are the prime factors of u?
2, 7
Suppose 0 = 28*d - 4*d - 27192. List the prime factors of d.
11, 103
Suppose 0 = 139*o - 144*o + 4860. List the prime factors of o.
2, 3
Suppose 2*v + 5*h - 29 = 0, 0 = -5*v + 5*h - 2*h - 5. Suppose 54 = 5*r - v*r. Suppose -78 = -4*a + r. List the prime factors of a.
2, 3
Suppose 1185 = -10*k + 6305. List the prime factors of k.
2
Let n be (-2)/(-4) - (-21)/(-6). Let p be n - (-1)/((-4)/96). List the prime factors of (p/(-15))/3*45.
3
Suppose 6*l + 210 = 3*l + 4*b, 0 = 2*l - 2*b + 140. Let g = l - -123. List the prime factors of g.
53
Suppose 4*t + 3*a = 502, -t + 0*a - 4*a = -132. Suppose -6*h = -10*h + t. List the prime factors of h.
31
Let j be 40 + 7/((-21)/(-6)). Suppose 0 = -0*u + 2*u - j. What are the prime factors of u?
3, 7
Suppose 0 = -2*i - 5*p + p - 172, 0 = 2*i + 2*p + 168. Let h = i - -132. List the prime factors of 1860/h - (-2)/(-10).
37
Let u = -279 - -570. Suppose 0 = 2*b + 4*i - 264, -3*b + 5*i = -b - u. What are the prime factors of b?
2, 3, 23
Suppose 3*l - 344 = -2*h, 0 = -5*l - h + 111 + 467. List the prime factors of l.
2, 29
Let q = 1514 + -670. What are the prime factors of q?
2, 211
Let c(i) = -i**2 - 9*i + 20. Let h be c(-10). Let q(b) = b**3 - 4*b**2 - b + 5. Let x be q(5). Let k = x + h. What are the prime factors of k?
5, 7
Let p(g) = -g**3 - 13*g**2 + 4*g - 7. Let a be p(-13). Let b = 22 - a. What are the prime factors of b?
3
Let m = 2928 + -1952. List the prime factors of m.
2, 61
Let p = -16 + 16. Let i be 6*(p - 4/(-6)). Suppose 0 = 2*u - 2*m - 18, 2*u + i*m = 4*u - 14. What are the prime factors of u?
11
Let h(l) = -119*l + 6. Let k be h(-10). What are the prime factors of (-3)/(-9) + -2*k/(-24)?
2, 5
Suppose -5*k = -4*m + 560, -3*m - 5*k + 474 = 54. List the prime factors of m.
2, 5, 7
Let n(k) = -14*k - 1. Let b be n(2). Let f = b + 71. List the prime factors of f.
2, 3, 7
Let v be 1 + 0 + 276/2. Suppose 0*i = -i + v. What are the prime factors of i?
139
Suppose -d = 4*b - 1038, 173*d + 3*b + 5098 = 178*d. What are the prime factors of d?
2, 7, 73
Let u = -2989 + 7662. List the prime factors of u.
4673
List the prime factors of (-100)/(4 - (-266)/(-63)).
2, 3, 5
Let l = 1133 - 729. What are the prime factors of l?
2, 101
Let m be (-292)/(-18) + 4/(-18). Let d = 16 - m. Suppose d = 2*r - 7*r + 100. What are the prime factors of r?
2, 5
Suppose -3*s - 119 = a - 529, -5*a = -5*s + 710. What are the prime factors of s?
2, 3, 23
Let a(t) = -11*t + 8. Suppose 14*j = 16*j + 10. What are the prime factors of a(j)?
3, 7
Let l(w) = 2*w + 9. Let d be l(-7). Let z = d + 10. Suppose -5*o = j - 60, 0 = 3*o - z + 2. List the prime factors of j.
5, 11
What are the prime factors of -51*25/(375/(-440))?
2, 11, 17
Suppose 4*g - 19 = -5*c, 0 = -0*c + 4*c - 5*g - 7. Suppose 2*p = 5*y - 307, -32 - 161 = -c*y - p. What are the prime factors of y?
3, 7
Let u(s) = -s**2 + 19*s + 5. Let x be u(18). Suppose 0 = 2*f - x - 65. List the prime factors of f.
2, 11
Let n(b) = -2 + 2*b - 10*b + b**3 - 3*b**2 + 9. Let p = -74 - -79. What are the prime factors of n(p)?
17
List the prime factors of ((-2106)/195)/(2/(-650)).
2, 3, 5, 13
Suppose 11*f - 9*f - 6 = 0. Suppose 130 = -f*t + 8*t. What are the prime factors of t?
2, 13
Suppose 4*o = 3*a - 3403, -4*a + 29*o = 33*o - 4500. What are the prime factors of a?
1129
Let f = -83 + 149. Let c = f + -6. List the prime factors of c.
2, 3, 5
Suppose 2*f + o = 689, -f = 3*o + 129 - 466. What are the prime factors of f?
2, 173
Let s(x) = 7*x + 8. Let d be s(6). Let r be 6/5*(58/(-4) + -8). Let i = r + d. What are the prime factors of i?
23
Let n(z) = 12*z + 73. Let u be n(19). What are the prime factors of (3 - 3)/(1*3) + u?
7, 43
Suppose -26*f + 0*f = -42068. List the prime factors of f.
2, 809
Suppose l + 4*l + 20 = 5*o, 4*o - 8 = 2*l. Suppose 4*k = -2*q + 142, -q + 0*k + 3*k + 91 = o. What are the prime factors of q?
79
Suppose u + 3*u = 216. Suppose -3*w + 21 = -u. Suppose 66 = v + w. List the prime factors of v.
41
Suppose -285 = -4*r + 1127. What are the prime factors of r?
353
Suppose 275 = -4*x + 35. What are the prime factors of x/(-1) + (-4 - -2)?
2, 29
Let a(i) = 2*i - 2. Let k(v) = -v**3 + 10*v**2 + 2*v - 14. Let p be k(10). Let u be a(p). Let q(n) = -n**2 + 14*n - 13. What are the prime factors of q(u)?
3
Suppose w - 24 = -26. What are the prime factors of (24/(-18))/(w/54)?
2, 3
List the prime factors of (-15)/(-12) + 38/8 + 866.
2, 109
Let s(h) = h**2 - 21*h + 4. Let f be s(20). Let u = 40 + f. List the prime factors of u.
2, 3
Suppose 0*y = -2*y + 6. Let l be (-12)/(-3) + y/3. Suppose -57 = -l*o + 8. List the prime factors of o.
13
What are the prime factors of -626*(4 - 117/18)?
5, 313
Suppose 17360 + 11668 = 59*g. What are the prime factors of g?
2, 3, 41
Let b = -15 + -5. Let g be (-2)/(-3)*390/b. What are the prime factors of g/(-91) + (-69)/(-7)?
2, 5
Suppose -3*c + 4*t - 65 = -0*t, 0 = 5*c + 3*t + 118. Let s be 15/(-6)*(-156)/(-30). Let l = s - c. What are the prime factors of l?
2